)/25*g/2. Calculate the highest common factor of f and 208.
16
Let o(g) = 2*g**2 - 98*g - 334. Let h be o(59). Calculate the highest common factor of h and 940.
94
Let p = 151 + -146. Suppose -4*b = -5*z + 215, p*z - b = 31 + 199. Calculate the greatest common divisor of z and 235.
47
Let x = -757 - -758. Let f be -10*-4*x/40*4. What is the highest common divisor of f and 52?
4
Let r(q) = 1 - 4 + 7 - 24*q + 23*q. Suppose -2*v - 12 = 2*v. Let s be r(v). Calculate the greatest common factor of s and 14.
7
Let c = -694 - -844. What is the greatest common factor of c and 1175?
25
Suppose 3460 = -6*z + 10390 + 5772. Calculate the greatest common divisor of z and 29.
29
Let r = 2245 + -2229. Let s be 4/16 - 38/(-8). Suppose -2*w + 4*w + 5*a - 89 = 0, s*w - 4*a = 140. Calculate the highest common factor of w and r.
16
Let k(x) = 2*x - 170. Let p be k(0). Let y = p + 202. What is the highest common factor of y and 288?
32
Suppose 3*k + 1 + 2 = -3*h, 0 = -5*h + 4*k + 22. Suppose 387 = 7*o + h*o. Let p = -32 + o. Calculate the highest common divisor of p and 55.
11
Let l(f) = -f**3 + 37*f**2 + 164*f + 24. Let m be l(41). Let y = -194 - -298. Calculate the greatest common divisor of y and m.
8
Let k = 420 - -327. Calculate the highest common factor of 45 and k.
9
Suppose -u + 0*u - 8 = 0. Let i be -6 + 1 - (-5 + (-7 - u)). Let r be -1*i/(-2) + (-153)/(-6). Calculate the highest common factor of r and 10.
5
Let k be 114/(-21) + 15/35. Let z(h) = -h**2 - 9*h - 16. Let l be z(k). Calculate the highest common factor of 22 and l.
2
Let w be 33/10 + -3 + 5713/290. Suppose 53*d = 60*d - 910. Calculate the greatest common divisor of w and d.
10
Suppose 5*l + 2*s = 90, 4*l - 117 = -3*s - 38. Let y be 1393/(-995) + (-1607)/(-5). What is the highest common factor of l and y?
16
Let i = 2948 - 2701. Calculate the highest common divisor of 364 and i.
13
Let a be (39/26)/((-2 - -1)/198). Let o = -222 - a. Calculate the greatest common factor of o and 675.
75
Suppose 376*s = 423*s - 423. Calculate the greatest common divisor of s and 807.
3
Let m(o) = -2*o**3 + 33*o**2 + 10*o - 29. Let p be m(6). What is the highest common divisor of p and 1?
1
Let p(d) = d - 1. Let h be p(11). Let v(w) = -w**3 + 8*w**2 + 18*w + 23. Let c be v(h). Calculate the highest common divisor of 21 and c.
3
Let l = -16306 + 16476. What is the highest common divisor of l and 935?
85
Let j = -33 - -45. Suppose -j*r - d = -8*r - 16, -3*d = 3*r - 21. Let o = -56 + 59. What is the highest common divisor of r and o?
3
Suppose 0*r - 16 = -2*r. Let c be 1/(8*3/72). Suppose c*t - 17*o + 19*o - 114 = 0, 3*o = 4*t - 169. Calculate the highest common factor of t and r.
8
Let i(v) = -33*v**3 - 28*v - 29. Let g be i(-1). Calculate the greatest common divisor of 4048 and g.
16
Let b(d) = 79*d**2 + 3317*d - 21. Let r be b(-42). Let h(l) = -17*l + 3. Let p be 9/(3/(-6)*3). Let a be h(p). Calculate the highest common divisor of r and a.
21
Let j(l) = -95*l + 999. Let g be j(9). Calculate the greatest common divisor of g and 180.
36
Let b(f) = f**2 + 14. Let x be b(-6). Let p = x - 39. Let t(c) = -10*c - 3. Let z be t(-8). What is the highest common factor of p and z?
11
Suppose -53*k + 457 = -3412. Calculate the highest common factor of k and 1241.
73
Let j(z) = 64*z**2 + 291*z + 3751. Let g be j(-13). What is the highest common divisor of g and 32?
32
Let f be 9 - (2 + -3 + 1)*-1. Suppose 15*n = f*n + 780. Calculate the highest common divisor of n and 40.
10
Suppose 32*w - 12 = -b + 28*w, 0 = 3*b - 3*w - 51. Calculate the greatest common divisor of 3 and b.
1
Let w = 19024 + -18988. What is the greatest common divisor of w and 8604?
36
Let w be 1 + (-3 - -244)*(1 + 0). Let h be w - (5 + -2 + 1). Suppose 5*p - 189 = -3*o, -5*o + h + 105 = -p. Calculate the highest common factor of o and 51.
17
Let x be (-4)/(-3) + (-10)/(-6). Suppose -a + x = -51. Suppose -125 = -4*m + 199. Calculate the highest common divisor of m and a.
27
Let y be (-84)/(-6)*(-2)/(-4). Let n be (28/y - 7)*4/(-6). Suppose -6*t + 4 + n = 0. Calculate the highest common factor of 4 and t.
1
Let v be (6/(-4))/(14/672*45/(-100)). Calculate the greatest common divisor of 2000 and v.
80
Suppose -688 + 578 = -5*l. What is the greatest common factor of l and 18?
2
Let f = 4396 - 2896. Let g = f + -27. Suppose 2*u + 5*r - 579 = 0, 5*u + 4*r - g = -0*u. What is the greatest common divisor of 27 and u?
27
Suppose -5*l - 2*v + 0*v = -35, -4*l + 2*v + 46 = 0. Let h be l/6 - 6129/(-18). Calculate the greatest common factor of h and 18.
18
Suppose i = -2*i. Suppose i = 3*r - 6*r + 621. Let l = -88 + r. What is the highest common divisor of l and 17?
17
Let l be -3*84/(-9) + -2. Let c(o) = -o**3 + 40*o**2 - 180*o + 188. Let k be c(35). What is the highest common factor of k and l?
13
Let i be (-4 - 274)*1/2. Let a = i + 143. Suppose -2*m - 3*v + 141 = m, 0 = 2*m - 2*v - 82. What is the greatest common factor of m and a?
4
Suppose 7*i + 14*b - 968 = 16*b, 0 = -2*i - 5*b + 310. What is the highest common divisor of i and 13748?
28
Let u = -1988 + 5678. What is the greatest common divisor of 90 and u?
90
Let h = 6211 - 6032. Calculate the greatest common factor of h and 20943.
179
Let s(p) = p**3 - 25*p - 66. Let y be s(27). What is the highest common factor of 66 and y?
66
Let n(h) = h**3 - 56*h**2 + 770*h + 28. Let i be n(22). What is the greatest common factor of i and 24?
8
Let f(s) = -12*s**2 - 3*s + 5. Let t be f(4). Let g = 41 - t. Calculate the greatest common divisor of 6 and g.
6
Suppose -u - 10 = 3*c - 4*c, 4*u = c - 34. Let k be 0 - (0 + 1)/(u/208). What is the greatest common factor of 26 and k?
26
Let q(w) be the third derivative of 19/24*w**4 + 0*w + 24*w**2 + 0 - 4/3*w**3 - 1/60*w**5. Let l be q(18). What is the greatest common divisor of l and 2?
2
Suppose 5*a - 3*q - 52246 - 26435 = 0, 47207 = 3*a - 2*q. Calculate the highest common factor of 594 and a.
297
Let l(f) = -6*f + 9. Let c be (-26)/(-143) + (-42)/(-11). Suppose r = -r - 5*n + c, -2 = -n. Let t be l(r). What is the highest common divisor of 81 and t?
27
Let s = -35 + 37. Let i be (76/(-6))/(s/(-3)). Let l = i + 27. What is the greatest common divisor of l and 69?
23
Let o(b) be the third derivative of b**6/60 - b**5/30 - b**4/2 + 7*b**3/3 + 42*b**2 + 1. Let i be o(3). What is the highest common factor of 168 and i?
14
Let o(j) = j**2 - 16*j - 21. Let r be o(45). What is the highest common divisor of 132 and r?
12
Suppose -57*w - 74*w = -42575. What is the highest common divisor of w and 475?
25
Suppose -15*k - 702 = -20*k - 3*v, 0 = -4*k - 4*v + 568. Calculate the highest common factor of k and 552.
138
Let m be (896/21 + 6)/(5/30). What is the highest common factor of 3431 and m?
73
Let m be (-2 - ((-2088)/(-40) + 7))*-10. What is the greatest common divisor of m and 1564?
68
Let y(j) = 86*j**3 - 5*j**2 - 986*j + 5884. Let l be y(6). Calculate the greatest common factor of l and 4.
4
Let o = 5457 + -3804. Calculate the greatest common divisor of 29 and o.
29
Suppose 4*r - 627 = 5*d + 257, -4*r = -3*d - 524. Let a = d - -197. What is the greatest common divisor of 17 and a?
17
Suppose 4 = -4*q - 5*j - 176, -q + j = 36. Let m = q + 38. Let y be -2 + (-19 - 1)/m. Calculate the greatest common divisor of 32 and y.
8
Let h = 45 - 87. Let o = h + 39. Let t(f) = -f**3 + 4*f + 9. Let r be t(o). What is the greatest common divisor of r and 8?
8
Let j(d) = -d**3 + 23*d**2 + 50*d + 5. Let f be j(25). Suppose 0 = -5*y + f, 2*w - 9 = 2*y + 1. What is the greatest common factor of w and 30?
6
Suppose 199*o - 80*o = 56*o + 1260. What is the highest common divisor of 11020 and o?
20
Suppose 26*g - 7*g = 1368. Suppose 0 = 3*j + 9, -2*j - g = -3*h + 2*h. What is the highest common factor of h and 33?
33
Let b(f) = -f + 11. Suppose 44 = -9*j + 179. Let s be b(j). Let n be (243/3)/((-1 - s)/3). Calculate the highest common divisor of 27 and n.
27
Let p(w) = -20*w - 40. Let f be p(7). Let t be ((-1)/(-2))/((-5)/f) + 1. Calculate the highest common factor of t and 57.
19
Let t be (-42)/(-4)*3608/123. What is the greatest common factor of 2002 and t?
154
Let m(k) = 199*k**3 - 4*k**2 + 6*k - 5. Let c be m(1). What is the greatest common factor of 1421 and c?
49
Suppose 5*w + 13*o - 510 = 8*o, w = 3*o +